(-2).
-24
Let g(j) = -j**3 + 9*j**2 - 5*j + 10. Calculate g(9).
-35
Let m(y) = -y**3 + y**2 + 42. Determine m(0).
42
Let q(r) = -r**2 - 22*r - 11. Determine q(-19).
46
Let r(m) = -2*m**2 - 3*m + 9. Give r(-3).
0
Let a(x) = -2*x**2 + 29*x - 2. Calculate a(15).
-17
Let r(c) = -c**2 - 21*c - 19. Give r(-20).
1
Let c(o) = -7*o**3 - 2*o**2 - 2*o + 6. Determine c(2).
-62
Let d(t) = t - 4. What is d(0)?
-4
Let t(a) = a**3 + 14*a**2 - 30*a + 29. What is t(-16)?
-3
Let u(i) = 61*i - 2. Determine u(-1).
-63
Let r(i) = -i + 22. What is r(16)?
6
Let y(h) = -h**3 - 34*h**2 + 32*h - 109. Give y(-35).
-4
Let c(q) = -21*q + 1. Calculate c(2).
-41
Let m(z) = z - 4. What is m(-8)?
-12
Let m(r) = r + 44. Give m(-15).
29
Let i(o) = -o**2 + 9*o + 14. Calculate i(11).
-8
Let f(z) = 4*z - 100. Calculate f(25).
0
Let x(q) = -28*q + 103. What is x(4)?
-9
Let k(h) = -h**2 + 60*h - 362. Calculate k(7).
9
Let y(g) = g**3 - 5*g**2 + 3*g - 1. What is y(5)?
14
Let k(t) = 12*t + 453. Give k(-38).
-3
Let r(k) = -k**2 - 11*k + 5. Calculate r(-5).
35
Let q(o) = 3*o + 9. What is q(3)?
18
Let x(c) = -4*c - 22. Determine x(-3).
-10
Let t(k) = -4*k**2 + 23*k - 16. Determine t(5).
-1
Let r(w) = 2*w**3 - 49*w**2 - 27*w + 4. What is r(25)?
-46
Let a(s) = -s**3 + s**2 + s - 7. Calculate a(-3).
26
Let x(t) = t**3 - t**2 + 4*t - 2. Determine x(2).
10
Let y(k) = 3*k**2 - 3*k. Calculate y(2).
6
Let i(p) = -p - 20. Give i(7).
-27
Let k(q) = q**3 - 4*q**2 - 17*q + 4. Give k(7).
32
Let t(a) = -a**2 + 14*a - 50. Determine t(6).
-2
Let l(o) = -o**3 - 9*o**2 + 11*o + 12. Give l(-10).
2
Let a(w) = w**3 - w**2 + w - 20. What is a(0)?
-20
Let y(u) = u + 10. Give y(-13).
-3
Let q(p) = p**3 + p**2 + 10*p + 39. Determine q(-3).
-9
Let l(j) = -j**3 - 57*j**2 + 449*j + 58. What is l(-64)?
-6
Let q(f) = -11*f**2 + 3*f - 2. Determine q(1).
-10
Let c(u) = u**2 - u - 3. What is c(4)?
9
Let g(y) = y**2 - y - 69. What is g(0)?
-69
Let c(g) = 6*g - 15. What is c(2)?
-3
Let k(y) = y**2 - 5*y - 9. Calculate k(6).
-3
Let l(b) = -4*b - 6. Determine l(-4).
10
Let a(n) = -n**3 - 10*n**2 + n + 15. What is a(-10)?
5
Let h(n) = 13*n + 91. What is h(-7)?
0
Let b(t) = -t**3 - 2*t**2 - 2*t + 97. Calculate b(0).
97
Let w(k) = -2*k**3 - 11*k**2 + 12*k + 1. What is w(-6)?
-35
Let g(o) = o**2 - 3*o + 8. Calculate g(6).
26
Let s(j) = j**3 + 5*j**2 - 4*j + 2. Give s(-6).
-10
Let m(k) = -k**3 + 11*k + 14. Determine m(-2).
0
Let w(q) = -3*q**2 - 3*q + 5. Determine w(2).
-13
Let g(y) = 11*y - 8. What is g(0)?
-8
Let n(h) = -15*h + 104. What is n(7)?
-1
Let x(p) = 13*p - 146. What is x(11)?
-3
Let d(i) = i**3 + 23*i**2 - 23*i + 5. Give d(-24).
-19
Let d(h) = -2*h - 18. Give d(-11).
4
Let n(j) = -2*j**3 - 15*j**2 + 11*j + 6. Give n(-8).
-18
Let f(q) = -2*q**2 - 9*q + 15. Determine f(-6).
-3
Let z(w) = -w + 3. What is z(8)?
-5
Let p(g) = -58*g - 16. Determine p(-3).
158
Let x(j) = -2*j**2 + 5*j - 4. Give x(0).
-4
Let y(g) = -3*g - 6. Give y(5).
-21
Let c(h) = -2*h - 35. What is c(0)?
-35
Let k(f) = 2*f**2 + 4*f. Determine k(3).
30
Let m(q) = -q**2 - 8*q + 39. Determine m(4).
-9
Let j(m) = m**2 - 15*m + 42. Calculate j(11).
-2
Let d(g) = 2*g**3 - 74*g**2 - g + 31. What is d(37)?
-6
Let x(u) = 3*u - 8. Calculate x(3).
1
Let w(v) = v**3 - 8*v**2 - 8*v - 25. Calculate w(9).
-16
Let f(q) = -q**3 - 2*q**2 - 6*q - 6. What is f(-2)?
6
Let m(c) = 8*c + 177. Determine m(-20).
17
Let n(h) = h**3 + 7*h**2 + 6*h - 4. Give n(-6).
-4
Let k(z) = 2*z**3 - z**2 - 2*z + 2. Give k(2).
10
Let k(s) = s**3 + 9*s**2 + 19*s + 8. What is k(-5)?
13
Let i(r) = 2*r**3 - r**2 + 4. Calculate i(4).
116
Let x(s) = -2*s**2 - 17*s + 10. Determine x(-11).
-45
Let d(a) = 5*a - 32. Give d(7).
3
Let x(o) = -o**3 + 15*o**2 - 16*o + 9. What is x(14)?
-19
Let x(l) = 3*l**2 - 3*l - 4. Calculate x(-1).
2
Let r(u) = 21*u. Calculate r(-2).
-42
Let x(i) = -i**3 + 5*i**2 - 39*i + 95. Give x(3).
-4
Let y(j) = 8*j**2 - j - 12. What is y(-2)?
22
Let b(r) = -r**2 - 18*r + 140. What is b(-24)?
-4
Let w(t) = -3*t**2 - 3*t + 5. What is w(3)?
-31
Let q(f) = f**3 - 7*f**2 - 3*f + 12. What is q(5)?
-53
Let s(k) = k**3 - 4*k**2 + 5*k - 4. Determine s(3).
2
Let v(j) = -24*j + 82. Calculate v(4).
-14
Let r(j) = j**3 + 8*j**2 + 16*j + 56. What is r(-7)?
-7
Let c(i) = -3*i**2 + 3*i - 4. Give c(0).
-4
Let c(w) = -2*w**2 + 12*w + 4. Determine c(5).
14
Let k(s) = 9*s - 3. What is k(7)?
60
Let i(a) = -a**2 + 10*a - 4. What is i(12)?
-28
Let r(n) = n + 1. What is r(19)?
20
Let k(v) = 17*v**3. Give k(1).
17
Let h(r) = -r**3 + 10*r**2 - 3*r + 49. What is h(10)?
19
Let m(s) = 14*s**2 - 4*s - 4. What is m(-1)?
14
Let t(y) = -6*y**2 - 46*y + 1. What is t(-8)?
-15
Let s(n) = -n**3 + 19*n**2 - 17*n - 12. Determine s(18).
6
Let m(k) = k**3 - 9*k**2 - 23*k + 14. What is m(11)?
3
Let q(z) = 2*z - 35. Calculate q(16).
-3
Let a(i) = i**2 - 20*i + 64. What is a(15)?
-11
Let n(y) = y**3 + 6*y**2 + 7*y + 7. What is n(-2)?
9
Let d(l) = 2*l - 43. Determine d(18).
-7
Let u(y) = y**3 - 23*y**2 - 22*y - 62. What is u(24)?
-14
Let k(c) = -9*c**2 - c - 2. Determine k(-1).
-10
Let p(n) = 15*n - 1. What is p(-1)?
-16
Let o(i) = -3*i + 23. What is o(5)?
8
Let o(z) = -z**2 + 11*z - 5. Determine o(11).
-5
Let q(x) = -x**3 + 2*x**2 - x - 1. Calculate q(2).
-3
Let f(v) = -v**2 - 13*v - 14. What is f(-11)?
8
Let n(i) = -i**2 - 3. Give n(3).
-12
Let l(p) = -22*p + 106. What is l(5)?
-4
Let p(g) = -g**3 - 7*g**2 + 2*g - 8. Give p(-7).
-22
Let p(v) = -6*v**2 + 5*v + 6. Give p(4).
-70
Let m(i) = -4*i + 14. What is m(2)?
6
Let z(q) = -7*q + 268. What is z(37)?
9
Let m(l) = 2*l**2 + 20*l - 35. What is m(-12)?
13
Let y(a) = 5*a + 104. Calculate y(-22).
-6
Let l(v) = -v**3 + 2*v**2 + v - 2. What is l(1)?
0
Let x(i) = i**3 + 2*i**2 - 7*i - 4. What is x(-4)?
-8
Let l(g) = -g**3 - g**2 + 3*g + 1. Determine l(4).
-67
Let p(c) = -2*c + 19. What is p(-8)?
35
Let v(k) = -k**3 - 7*k**2 - 10*k - 4. What is v(-5)?
-4
Let q(j) = j**3 - 3*j**2 - j. Give q(-4).
-108
Let x(a) = -2*a - 11. Give x(-10).
9
Let r(x) = -8*x**2 - 10*x + 10. Give r(1).
-8
Let d(v) = v**2 - 8. Determine d(3).
1
Let q(r) = r**2 - 12*r + 25. Give q(7).
-10
Let y(n) = 8*n**2 - 9*n + 9. What is y(1)?
8
Let o(f) = 15*f - 160. Give o(11).
5
Let q(s) = -19*s - 4. Determine q(2).
-42
Let i(s) = s**3 - 2*s**2 - s + 2. What is i(0)?
2
Let o(x) = x**2 - 6*x - 15. Calculate o(8).
1
Let o(t) = 14*t**2 + t. Determine o(-1).
13
Let w(y) = -y**2 - 3*y - 3. What is w(-4)?
-7
Let w(z) = -z**3 - 8*z**2 - z - 2. What is w(-7)?
-44
Let z(l) = -l**3 + 7*l**2 - 2*l + 6. Give z(6).
30
Let g(d) = 3*d**2 - 110*d - 42. Give g(37).
-5
Let f(y) = 6*y**2 + 2*y - 2. What is f(1)?
6
Let s(n) = 3*n**2 - 4*n + 4. Calculate s(4).
36
Let f(j) = j**3 - 5*j**2 + j - 1. Calculate f(5).
4
Let n(g) = -g - 14. What is n(-11)?
-3
Let q(n) = -3*n**2 + 2*n + 54. Calculate q(-6).
-66
Let h(w) = -13*w + 57. Determine h(6).
-21
Let o(r) = -3*r - 13. Determine o(-7).
8
Let l(r) = r**3 - 7*r**2 + 8*r + 5. Determine l(6).
17
Let p(b) = 3*b + 10. Give p(-8).
-14
Let y(x) = x**2 + 4*x + 20. What is y(-8)?
52
Let u(k) = -k + 37. Calculate u(16).
21
Let w(l) = 54*l + 170. What is w(-3)?
8
Let l(z) = -2*z - 7. What is l(-8)?
9
Let x(k) = 5*k - 47. What is x(9)?
-2
Let u(y) = -2*y**3 + 2*y**2 - 3*y + 5. What is u(2)?
-9
Let g(x) = -x**2 + 10*x - 22. Give g(6).
2
Let h(k) = -k**3 + k**2 + k - 29. Give h(0).
-29
Let g(v) = -v**3 - 19*v**2 - 3*v - 7. Give g(-19).
50
Let w(p) = -52*p**2 + p - 1. Calculate w(1).
-52
Let g(s) = s**2 - 11*s + 19. Calculate g(9).
1
Let m(g) = -65*g - 9. Give m(0).
-9
Let w(k) = -7*k + 194. Determine w(25).
19
Let v(w) = w**2 - 25*w + 35. What is v(22)?
-31
Let d(k) = -k**3 - 7*k**2 - k + 12. Calculate d(-7).
19
Let m(x) = x + 19. Calculate m(-11).
8
Let y(o) = 48*o + 914. Determine y(-19).
2
Let d(o) = 6*o**3 - o**2 + o - 8. Give d(2).
38
Let p(w) = -26*w - 4. Calculate p(-1).
22
Let s(x) = 3*x - 8. Give s(5).
7
Let j(p) = 10*p**2 - 2*p - 7. Determine j(-3).
89
Let s(h) = -5*h - 14. Calculate s(-2).
-4
Let m(i) = -i**2 - 8*i - 2. What is m(-6)?
10
Let h(o) = 14*o**2 - 13*o. Give h(3).
87
Let c(p) = -p**3 + 7*p**2 + 8*p + 11. Give c(8).
11
Let v(l) = -l**2 + 9*l - 10. Determine v(7).
4
Let a(r) = r**2 - 6*r + 2. Calculate a(8).
18
Let j(p) = -11*p**2 + 2*p. Calculate j(2).
-40
Let v(q) = -q**3 + q**2 +